reatest common divisor of 19780850 and 5050.
5050
Calculate the highest common factor of 67710 and 3794017.
2257
What is the highest common divisor of 9901307 and 4108?
1027
What is the greatest common divisor of 16 and 544048?
16
Calculate the highest common divisor of 6156 and 329916.
228
What is the greatest common factor of 3932459 and 37421?
1627
Calculate the highest common factor of 1443225 and 625.
25
Calculate the greatest common divisor of 5454780 and 105340.
4580
Calculate the highest common factor of 2773 and 1628125355.
2773
Calculate the greatest common factor of 848 and 6120112.
16
What is the highest common divisor of 120178433 and 163?
163
What is the greatest common factor of 321 and 2734856763?
321
What is the greatest common factor of 19412 and 1493068?
92
What is the highest common factor of 5328150 and 1500?
150
Calculate the highest common factor of 3924 and 34157439.
981
What is the greatest common divisor of 6 and 81662664?
6
What is the greatest common divisor of 3419 and 978952013?
3419
What is the highest common divisor of 20301057 and 148421?
1631
What is the highest common divisor of 1384533 and 1557?
9
What is the greatest common divisor of 9 and 127858914?
9
What is the greatest common factor of 25525672 and 15927?
5309
What is the highest common divisor of 933 and 1200450981?
933
Calculate the highest common divisor of 2056571 and 16027.
341
Calculate the highest common factor of 532 and 11606948.
76
Calculate the greatest common factor of 801277243 and 4247.
4247
Calculate the greatest common divisor of 650420429 and 226.
113
Calculate the greatest common divisor of 4734 and 49974471.
2367
Calculate the highest common factor of 687205980 and 30.
30
What is the greatest common divisor of 26917490 and 380?
190
What is the greatest common factor of 6343065 and 93465?
1395
What is the highest common divisor of 17285352 and 1554?
42
Calculate the greatest common divisor of 324198 and 814618.
434
Calculate the greatest common factor of 11045840 and 1140.
380
Calculate the highest common divisor of 413560 and 105448.
392
What is the highest common divisor of 39648 and 881440?
224
What is the greatest common divisor of 21 and 43852767?
21
Calculate the greatest common divisor of 48650 and 250600.
350
What is the greatest common factor of 3437280 and 15686?
682
Calculate the greatest common divisor of 5331296 and 704.
32
Calculate the highest common divisor of 77886028 and 22210.
4442
What is the greatest common divisor of 142097190 and 90?
30
Calculate the highest common factor of 3681 and 16294560.
1227
What is the highest common factor of 13 and 68090867?
13
What is the greatest common divisor of 2783914 and 448?
14
Calculate the highest common divisor of 1809307 and 1490.
149
What is the highest common divisor of 28 and 2361268?
28
Calculate the greatest common divisor of 7399 and 63679.
7
Calculate the greatest common divisor of 1477 and 40723.
211
Calculate the highest common divisor of 3146 and 97043089.
1573
What is the highest common factor of 41656 and 268217777?
5207
Calculate the highest common divisor of 10578929 and 139231.
2627
Calculate the greatest common divisor of 48932 and 134524.
52
Calculate the highest common divisor of 1031264304 and 59.
59
Calculate the highest common factor of 11892355 and 555.
185
Calculate the greatest common divisor of 175 and 35347550.
175
What is the highest common factor of 8169 and 304424787?
1167
What is the greatest common divisor of 851310 and 200070?
810
Calculate the highest common divisor of 15355819 and 203.
29
What is the greatest common factor of 556872342 and 234?
78
What is the greatest common divisor of 187 and 14234143?
11
What is the greatest common factor of 5912 and 13096?
8
Calculate the highest common factor of 18 and 1468653.
3
What is the greatest common divisor of 1424 and 6170726?
178
What is the greatest common factor of 219936 and 3628470?
474
What is the highest common divisor of 221847650 and 230?
230
Calculate the highest common divisor of 17761392 and 17424.
1584
Calculate the highest common divisor of 199272 and 38088.
552
Calculate the highest common divisor of 4122 and 88219731.
687
Calculate the highest common divisor of 9542781 and 63.
9
What is the greatest common factor of 1050900 and 77100?
300
Calculate the highest common divisor of 976 and 147069780.
244
What is the greatest common factor of 10516 and 60680188?
956
Calculate the greatest common factor of 3513060 and 819540.
5220
Calculate the highest common factor of 8582 and 93305956.
1226
Calculate the highest common divisor of 1050985 and 19.
19
What is the greatest common factor of 97 and 3057?
1
Calculate the highest common divisor of 2117111 and 191075.
7643
What is the highest common factor of 80482182 and 10285?
2057
Calculate the highest common factor of 13543245 and 120.
15
Calculate the highest common factor of 9708 and 12756.
12
What is the highest common divisor of 2255673 and 1237929?
4893
What is the greatest common divisor of 81550 and 52500?
350
What is the greatest common divisor of 2166 and 852777?
57
What is the greatest common factor of 8382 and 947547?
381
Calculate the highest common factor of 372330 and 273294.
378
Calculate the highest common divisor of 32359061 and 278.
139
What is the greatest common factor of 1265 and 4303277?
253
What is the highest common factor of 86191 and 441?
49
What is the greatest common factor of 19712800 and 14432?
1312
What is the greatest common factor of 1782 and 354816?
198
What is the highest common factor of 2258172 and 209293?
203
Calculate the greatest common divisor of 44 and 216824234.
22
Calculate the greatest common divisor of 4864365 and 2115.
45
Calculate the greatest common divisor of 9838064 and 1825.
73
Calculate the greatest common divisor of 31889815 and 10.
5
What is the highest common factor of 1448235 and 235?
5
What is the highest common divisor of 5675 and 2888802?
227
What is the highest common divisor of 39101522 and 1028?
514
What is the highest common divisor of 95 and 153530?
5
Calculate the greatest common divisor of 5665 and 10194631.
103
Calculate the greatest common factor of 3140 and 2054345.
785
What is the greatest common divisor of 58143820 and 2985?
995
What is the greatest common factor of 512 and 6911552?
64
What is the greatest common factor of 355489056 and 20592?
1872
What is the highest common divisor of 14 and 723737?
7
Calculate the greatest common factor of 592658 and 8.
2
Calculate the greatest common factor of 155 and 2047180.
5
Calculate the highest common factor of 2992 and 304378778.
374
Calculate the greatest common divisor of 1991754 and 578.
34
What is the greatest common factor of 1511748034 and 38?
38
What is the highest common divisor of 7884 and 32706774?
3942
What is the greatest common factor of 39288770 and 570?
190
Calculate the greatest common divisor of 1681122333 and 1683.
561
Calculate the greatest common divisor of 13346388 and 79992.
396
What is the highest common factor of 47957 and 3496220?
1547
Calculate the greatest common divisor of 211783 and 869297.
143
Calculate the greatest common factor of 102 and 39344205.
51
Calculate the greatest common factor of 101 and 269670909.
101
What is the greatest common divisor of 1215 and 7538265?
405
Calculate the highest common divisor of 75290 and 5225.
5
What is the highest common divisor of 1832 and 19818347?
229
What is the highest common divisor of 145239 and 3222?
3
Calculate the greatest common divisor of 3577 and 33063817.
73
What is the greatest common divisor of 180744 and 1016?
8
Calculate the highest common divisor of 1643517 and 2781.
27
What is the greatest common factor of 449780 and 14362?
86
Calculate the greatest common factor of 276607 and 217141.
901
What is the highest common divisor of 16275664 and 180200?
7208
Calculate the greatest common factor of 4852221 and 473.
11
Calculate the greatest common divisor of 1407140 and 11690.
70
What is the highest common factor of 63 and 76867987?
7
Calculate the greatest common divisor of 9974635 and 3872.
121
Calculate the highest common divisor of 3523716 and 3780.
756
Calculate the highest common divisor of 10016 and 13504.
32
Calculate the greatest c